 6*h. Let q be i(4). Calculate the highest common divisor of q and 10.
10
Suppose 535*m = 542*m - 1232. Calculate the highest common factor of m and 22.
22
Suppose 1750 = 8*r + 214. Calculate the highest common divisor of r and 36.
12
Suppose 2*i - 5*x - 43 - 10 = 0, -5*x = 3*i - 67. Calculate the greatest common divisor of i and 12.
12
Let l = -622 - -921. What is the highest common divisor of l and 13?
13
Let u(v) = 10*v + 110. Let j be u(-10). What is the greatest common factor of j and 90?
10
Suppose 21*s - 3873 = 6837. Calculate the greatest common divisor of 34 and s.
34
Suppose 0 = g - o - 114, 6*g - g - 2*o - 558 = 0. Suppose -g + 5 = -5*r. Let a be (-2)/(0 + -1) + 1. What is the greatest common divisor of r and a?
3
Let q be (15/4)/(-6 + (-289)/(-48)). Suppose 4*t - q = -t. Calculate the highest common factor of 36 and t.
36
Let n(r) = -5*r - 54. Let m(x) = x - 14. Let w be m(-4). Let p be n(w). Calculate the highest common divisor of p and 90.
18
Let w = 30 - -42. Suppose -3*c + 72 = -t, 36 - 382 = 5*t - c. Let h = -60 - t. Calculate the greatest common divisor of h and w.
9
Let g(v) be the second derivative of -v**3/2 - 3*v**2 + 7*v. Let y be g(-10). What is the greatest common factor of y and 4?
4
Let m be 2/9 + (-34407)/(-81) + 7. Calculate the greatest common divisor of m and 27.
27
Let x be -3 + 3 + 0/2. Suppose -4*h = -x + 16. Let d be 16/6 + h/(-3). What is the highest common factor of d and 28?
4
Suppose 0 = -i - 2*i - t + 657, -2*i + 438 = -3*t. Suppose -45 - i = -2*w. Calculate the highest common divisor of w and 44.
44
Suppose 5*i = 3*k + 131, k + 35 = 2*i - 18. What is the greatest common factor of i and 4?
4
Let s be 4/(-16)*-66*6. Let m = -38 - -60. What is the highest common factor of s and m?
11
Let y(t) = -t**2 - 9*t - 4. Let m be y(-7). Suppose -3*h = -5*j + 993, -j - 2*h = -174 - 35. Let z = -111 + j. What is the highest common factor of m and z?
10
Let q be (8/(-10))/((-2)/5). Suppose 0 = -2*o - q*o. Suppose o = 3*d + 9 - 108. What is the highest common divisor of 22 and d?
11
Let q = 549 - 546. Let w = 27 - -4. Let s = w + -22. Calculate the highest common factor of q and s.
3
Suppose -13*c - 36 = -4*c. Let v = 11 + -1. Let d = c + v. What is the highest common factor of 54 and d?
6
Let j = 494 - 475. What is the greatest common divisor of j and 1273?
19
Let j(g) = -g - 9. Let m be j(-4). Let t be (-5)/m + 22 + -1. Let q(o) = 2*o**2 + 4*o - 5. Let r be q(-4). Calculate the highest common factor of t and r.
11
Let m be (-33)/(-22)*6/(-9)*-33. Calculate the greatest common divisor of m and 297.
33
Let h(q) = -q**3 - 7*q**2 - 6*q + 2. Let w be h(-6). Let t be ((-18)/(-12) + -7)/((-1)/w). What is the greatest common divisor of 187 and t?
11
Let o(d) be the first derivative of -d**3/3 + 11*d**2/2 - 12*d - 4. Let p be o(8). Let h = 1 + p. Calculate the greatest common divisor of h and 39.
13
Suppose -4*l + 0*z = 5*z - 78, -2*l = 4*z - 42. Suppose 5*v + 6 = 4*v - 2*r, -2*v - 5*r = l. Calculate the highest common divisor of v and 44.
4
Let g = 19 - -14. Let l = g - 12. Suppose 5*t - 8 = 62. What is the greatest common factor of l and t?
7
Suppose -2*p - 2*z + 106 = 0, 0 = 4*p + 4*z - 5*z - 187. Calculate the highest common divisor of 208 and p.
16
Let r be 52/12 - 4/(-6). Suppose -3*a + a + 14 = t, -25 = -a - r*t. Suppose -a*i + 5 + 125 = 0. Calculate the highest common divisor of 39 and i.
13
Let d = 337 - 317. What is the highest common divisor of d and 70?
10
Suppose -2*x - 76 = -a + 32, -2*x + 600 = 5*a. Calculate the greatest common divisor of 118 and a.
118
Suppose -x = 3*g - 48, 3*g - 8*g + 4*x + 80 = 0. Suppose g*h + 162 = 18*h. What is the highest common factor of h and 9?
9
Let d be 6/(-20) + (-11473)/(-110) + -6. Calculate the highest common factor of d and 931.
49
Let u be ((-260)/(-8))/((-3)/(-42)). Calculate the highest common divisor of 14 and u.
7
Suppose -12 = 7*n - 250. Let b = n - -54. What is the highest common factor of b and 8?
8
Suppose -3*f + 1182 = z + 4*z, 2*z - 4*f - 452 = 0. What is the highest common factor of z and 52?
26
Let w be 25/(4225/16198) + (-4)/(-26). What is the highest common divisor of w and 40?
8
Let y be (65/25 - 3)*-220. Calculate the highest common divisor of 66 and y.
22
Suppose 3*w = 3*r - 30, 2*r + 2*r - 12 = -3*w. Suppose -5*f = -166 + r. Calculate the highest common factor of 2 and f.
2
Suppose 3*x + 2*y - 18 = 0, 5 = x - 8*y + 9*y. Calculate the highest common factor of x and 392.
8
Suppose -8*i + 4*i + 48 = 0. Suppose -2*u - i = 2*g - 7*g, -2*g + 20 = 3*u. Suppose g*h - 5*h = -6. Calculate the greatest common divisor of 9 and h.
3
Let p(c) = -c**3 - 21*c**2 + 44*c + 80. Let a be p(-23). What is the highest common divisor of a and 98?
14
Suppose 24*g - 5*m + 450 = 29*g, 0 = -5*g + 2*m + 471. What is the greatest common factor of 155 and g?
31
Let c = 7 + -2. Suppose -116 = -c*p + p. Let x = 1335 + -1190. What is the highest common divisor of x and p?
29
Let i be (-9 - (7 - 22)) + 3. Calculate the greatest common factor of 96 and i.
3
Let l(b) = -b**2 - 4*b - 2. Let j be l(-2). Suppose a = 9*a - 48. Let q be 8/a + 200/12. What is the greatest common factor of j and q?
2
Suppose -5*k + 0*k = -80. Let s be -6*(k/6)/(-4). Suppose 47 = 3*y + 2*z, 6*y - 79 = y - s*z. Calculate the greatest common factor of 60 and y.
15
Suppose 3*f - 5*k = -19, -5*k = 12 - 37. Let i = 2 + f. Suppose -3*g = -i*p + 49, -13 = -5*p + 5*g + 42. Calculate the highest common factor of 112 and p.
16
Suppose 0 = r - 11 + 56. Let y = r + 63. Calculate the greatest common factor of y and 12.
6
Suppose 2*o + 18 + 0 = 0. Let g be (30/o)/((-43)/(-45) + -1). What is the greatest common factor of 15 and g?
15
Let o(u) = -111*u + 71. Let r be o(-6). Calculate the greatest common factor of r and 11.
11
Let t be (1 - -1) + 10*(-6 - -3). Let q be t*(-3 + 2)/2. Suppose -5 = 4*u + 11, 0 = -o - u + 10. Calculate the greatest common factor of o and q.
14
Suppose -2*u + 76 = -4*b, -2*u + 21 = -2*b - 53. What is the greatest common divisor of u and 2952?
36
Suppose 5*q - 439 + 124 = 5*f, 48 = -f - 2*q. Let z = f + -26. Let x = 144 + z. Calculate the greatest common factor of 12 and x.
12
Let w = -1 - -1. Let i = 819 - 814. Suppose -4*u + 7 + i = w. What is the highest common factor of u and 33?
3
Let h(n) = 2*n**2 - 4*n - 2. Let u be h(-2). Suppose 2*l - 8 - u = 0. Let o be -1 + 14 - (-4 + 6). Calculate the highest common factor of o and l.
11
Let c(x) = -18*x**3 + 2*x**2 + 3*x - 2. Suppose p - 2*p = -2. Let a be c(p). Let m be -12*a/(-56)*-7. What is the highest common divisor of 22 and m?
22
Let a = -777 + 783. What is the highest common factor of 150 and a?
6
Suppose 4*r - 2*x = 2*x + 52, 2*x = 5*r - 74. Suppose 18*h = r*h + 6. What is the highest common factor of h and 27?
3
Let l be (1600/(-20))/(-16) - -13. Let m(b) = -b - 3. Let d be m(-5). Let f be (0 - -22)*(d - -7). Calculate the highest common factor of f and l.
18
Suppose -1580 = c + 4*o, -c = 6*o - o + 1579. Let w be (10/3 - 2)/((-8)/c). What is the greatest common divisor of 24 and w?
24
Let p be 7 + 17/(-2)*-34. What is the greatest common divisor of p and 37?
37
Let o be 0 - -114 - (-4)/16*-8. Let u(m) be the third derivative of m**4/12 - 2*m**3/3 + m**2. Let s be u(9). Calculate the greatest common divisor of o and s.
14
Let y(o) = 23*o + 75. Let r be y(-3). Calculate the greatest common divisor of r and 384.
6
Let p(h) = -h**3 + 5*h**2 + 8*h + 10. Let f be p(5). Calculate the highest common factor of 225 and f.
25
Let w(b) = -3*b + 1. Let p be w(-1). Suppose m = 5 - p. Let f be (195/(-130))/(-1 - (-1)/(-2)). Calculate the highest common factor of f and m.
1
Suppose t - 19 = -1. Let x = 372 + -228. Calculate the highest common divisor of t and x.
18
Let r be ((-44)/(-2))/(11 - 4 - (-15 - -21)). Let z be 55 + (1 - 1)/2. What is the greatest common factor of r and z?
11
Let g = 701 - 470. What is the highest common factor of 66 and g?
33
Let t(y) = -6*y - 1. Let s be t(-2). Let d = -9 + s. Suppose -d*z + 17 = -3*j, 4*j - 1 + 5 = 0. What is the highest common divisor of 77 and z?
7
Let k be ((-216)/(-4 - 2))/(2/13). What is the greatest common factor of k and 104?
26
Let c be (((-297)/3)/3)/(-1). Let p be c/(12/32*4). Let f(o) = o**2 + 2*o - 1. Let r